{"id":250,"date":"2016-06-28T12:16:28","date_gmt":"2016-06-28T10:16:28","guid":{"rendered":"http:\/\/www.heidrun-mandel.de\/WEBNEU\/?page_id=250"},"modified":"2017-02-03T09:36:11","modified_gmt":"2017-02-03T08:36:11","slug":"agb","status":"publish","type":"page","link":"https:\/\/www.heidrun-meile.de\/index.php\/agb\/","title":{"rendered":"AGB"},"content":{"rendered":"<div class=\"wpb-content-wrapper\"><p>[vc_row][vc_column][vc_column_text]<\/p>\n<h2>Allgemeine Gesch\u00e4ftsbedingungen<\/h2>\n<p><strong>\u00a0<\/strong><\/p>\n<p><strong>Informationen zu unseren Kursen:<\/strong><\/p>\n<p>Wir m\u00f6chten darauf hinweisen, dass nicht all unsere Kurs- und Seminarangebote ganzj\u00e4hrig stattfinden. Die aktuellen Termine entnehmen Sie bitte den Kurs- und Seminarbeschreibun-gen. Zusatzkurse sind auf Anfrage teilweise m\u00f6glich.<\/p>\n<p>Auf Anfrage k\u00f6nnen Sie auch als geschlossene Gruppe einen Kurs buchen.<\/p>\n<p><strong>Anmeldung:<\/strong><\/p>\n<p>Die Anmeldung\/Buchung von Kursen und Seminaren muss in Schriftform erfolgen. Hierf\u00fcr bitten wir Sie nach M\u00f6glichkeit das Anmeldeformular zu nutzen.<\/p>\n<p>Mit der Anmeldung zum Kurs oder Seminar werden die Geb\u00fchren hierf\u00fcr f\u00e4llig.<\/p>\n<p>Um eine \u00dcberbuchung der Kurse und Seminare sowie unn\u00f6tige R\u00fcckerstattungen zu vermeiden, werden erst nach Ihrer Anmeldung die Kontodaten zum \u00dcberweisen der Kurs- oder Seminargeb\u00fchren \u00fcbermittelt.<\/p>\n<p><strong>Widerrufsrecht:<\/strong><\/p>\n<p>Obwohl hier ein Fernabsatzvertrag vorliegt besteht f\u00fcr Sie kein Widerrufsrecht.<\/p>\n<p>Im Sinne von \u00a7 312 b Abs. 3 Nr. 6 BGB handelt es sich bei diesem Rechtsgesch\u00e4ft um eine Dienstleistung und nicht um Lieferung einer Ware. Desweiteren sind diese Dienstleistungen an konkrete Termine und Zeitr\u00e4ume gebunden (Art. 3 Abs. 2 der Richtlinie 97\/7\/EG, der der Vorschrift des \u00a7 312 b Abs. 3 Nr. 6 BGB zugrunde liegt). Es handelt sich um einen Vertrag \u00fcber Freizeitaktivit\u00e4ten. (Deutsches Verbraucherschutz-recht \u00a7 12 Abs. 1 FernUSG und Richtlinie 97\/7\/EG \u00a7 312 Abs. 1 S. 1 Nr. 2 BGB)<\/p>\n<p><strong>R\u00fccktritt:<\/strong><\/p>\n<p>Ein R\u00fccktritt vom Kurs muss schriftlich erfolgen und ist bis 14 Tag vor Kursbeginn unter Einbehaltung einer Bearbeitungsgeb\u00fchr von 20,00 \u20ac m\u00f6glich. Danach ist eine R\u00fcckerstattung nur dann m\u00f6glich, wenn der freigewordene Platz durch einen Ersatzteilnehmer belegt wird. Auch Teil-R\u00fcckerstattungen bei Abbruch eines Kurses oder Seminares sind nicht m\u00f6glich.<\/p>\n<p>Ein Anspruch auf Nachholstunden bei verpassten Einheiten besteht generell nicht. Wir bem\u00fchen uns dennoch, dies nach Absprache in besonderen F\u00e4llen zu erm\u00f6glichen.<\/p>\n<p><strong>Wir behalten uns das Recht vor:<\/strong><\/p>\n<ul>\n<li>Bei nicht erreichter Mindestteilnehmerzahl oder Erkrankung eines Kurs- und Seminarleiters Kurse und Seminare teilweise oder ganz abzusagen. Bereits entrichtete Geb\u00fchren werden in diesem Fall erstattet.<\/li>\n<li>Aus wichtigen Gr\u00fcnden (wie z. Bsp. Krankheit, Urlaub) Kurse mit einer anderen Kursleitung zu besetzen, beziehungsweise ausgefallene Kurseinheiten am Ende des Kurses anzuh\u00e4ngen.<\/li>\n<li>Je nach Teilnehmerzahl den Veranstaltungsort\/Veranstaltungsraum zu wechseln.<\/li>\n<\/ul>\n<p>Daraus entsteht kein Recht den Kurs oder das Seminar zu k\u00fcndigen.<\/p>\n<p><strong>Haftung:<\/strong><\/p>\n<p>Wir m\u00f6chten Sie dar\u00fcber informieren, dass unsere Kurse\/Seminare keine \u00e4rztlichen, physio- oder psychotherapeutischen Behandlungen ersetzen k\u00f6nnen. Falls Sie sich zur Zeit in entsprechender Behandlung befinden und\/oder Zweifel haben, ob der Kurs f\u00fcr Sie geeignet ist, bitten wir Sie \u00e4rztlichen Rat einzuholen. In jedem Fall nehmen Sie an den Angeboten auf eigene Verantwortung teil.<\/p>\n<p>Wir haften nicht f\u00fcr etwaige Sch\u00e4den, die bei der Durchf\u00fchrung der Kurse\/Seminare an der Gesundheit oder dem Eigentum der Teilnehmer entstehen. Es sei denn, die Verursachung dieser Sch\u00e4den beruht auf Vorsatz oder grobe Fahrl\u00e4ssigkeit.<\/p>\n<p><strong>Hinweis:<\/strong><\/p>\n<p>F\u00fcr das Einzeltraining\/Personaltraining, Coaching und die Betriebliche Gesundheitsf\u00f6rderung gelten gesonderte Regelungen. Diese bitten wir Sie bei Interesse gesondert anzufordern.<\/p>\n<p>[\/vc_column_text][\/vc_column][\/vc_row]<\/p>\n<\/div>","protected":false},"excerpt":{"rendered":"<p>[vc_row][vc_column][vc_column_text] Allgemeine Gesch\u00e4ftsbedingungen \u00a0 Informationen zu unseren Kursen: Wir m\u00f6chten darauf hinweisen, dass nicht all unsere Kurs- und Seminarangebote ganzj\u00e4hrig stattfinden. Die aktuellen Termine entnehmen Sie bitte den Kurs- und Seminarbeschreibun-gen. Zusatzkurse sind auf Anfrage teilweise m\u00f6glich. Auf Anfrage k\u00f6nnen<\/p>\n","protected":false},"author":1,"featured_media":0,"parent":0,"menu_order":0,"comment_status":"closed","ping_status":"closed","template":"","meta":{"footnotes":""},"class_list":["post-250","page","type-page","status-publish","hentry"],"_links":{"self":[{"href":"https:\/\/www.heidrun-meile.de\/index.php\/wp-json\/wp\/v2\/pages\/250","targetHints":{"allow":["GET"]}}],"collection":[{"href":"https:\/\/www.heidrun-meile.de\/index.php\/wp-json\/wp\/v2\/pages"}],"about":[{"href":"https:\/\/www.heidrun-meile.de\/index.php\/wp-json\/wp\/v2\/types\/page"}],"author":[{"embeddable":true,"href":"https:\/\/www.heidrun-meile.de\/index.php\/wp-json\/wp\/v2\/users\/1"}],"replies":[{"embeddable":true,"href":"https:\/\/www.heidrun-meile.de\/index.php\/wp-json\/wp\/v2\/comments?post=250"}],"version-history":[{"count":7,"href":"https:\/\/www.heidrun-meile.de\/index.php\/wp-json\/wp\/v2\/pages\/250\/revisions"}],"predecessor-version":[{"id":337,"href":"https:\/\/www.heidrun-meile.de\/index.php\/wp-json\/wp\/v2\/pages\/250\/revisions\/337"}],"wp:attachment":[{"href":"https:\/\/www.heidrun-meile.de\/index.php\/wp-json\/wp\/v2\/media?parent=250"}],"curies":[{"name":"wp","href":"https:\/\/api.w.org\/{rel}","templated":true}]}}