{"id":74,"date":"2016-05-12T13:01:04","date_gmt":"2016-05-12T11:01:04","guid":{"rendered":"http:\/\/www.heidrun-mandel.de\/WEBNEU\/?page_id=74"},"modified":"2017-03-07T16:54:24","modified_gmt":"2017-03-07T15:54:24","slug":"betriebliche-gesundheitsfoerderung","status":"publish","type":"page","link":"https:\/\/www.heidrun-meile.de\/index.php\/betriebliche-gesundheitsfoerderung\/","title":{"rendered":"Betriebliche Gesundheitsf\u00f6rderung"},"content":{"rendered":"<div class=\"wpb-content-wrapper\"><p>[vc_row full_width=&#8220;stretch_row_content_no_spaces&#8220;][vc_column][vc_single_image image=&#8220;167&#8243; img_size=&#8220;full&#8220; alignment=&#8220;center&#8220;][\/vc_column][\/vc_row][vc_row][vc_column][vc_custom_heading text=&#8220;Betriebliche Gesundheitsf\u00f6rderung&#8220; font_container=&#8220;tag:h1|font_size:32|text_align:center|color:%23be1621&#8243; use_theme_fonts=&#8220;yes&#8220;][vc_separator css=&#8220;.vc_custom_1462896966650{padding-top: 25px !important;}&#8220;][\/vc_column][\/vc_row][vc_row][vc_column width=&#8220;1\/4&#8243;][vc_single_image image=&#8220;169&#8243; img_size=&#8220;full&#8220; alignment=&#8220;center&#8220; css=&#8220;.vc_custom_1465571557235{padding-bottom: -20px !important;}&#8220;][\/vc_column][vc_column width=&#8220;3\/4&#8243;][vc_column_text]<\/p>\n<h2>Leistungsf\u00e4higkeit, Wohlbefinden, Balance und Gesundheit im Beruf<\/h2>\n<p>[\/vc_column_text][vc_column_text]Gesundheit und Erfolg Ihres Unternehmens geh\u00f6ren zusammen. Die Arbeitsbedingungen im beruflichen Alltag ver\u00e4ndern sich st\u00e4ndig. Der Anspruch an die Arbeitnehmerinnen und Arbeitnehmer steigt. Sie als Unternehmer brauchen zufriedene und leistungsf\u00e4hige Arbeitskr\u00e4fte.<\/p>\n<p>Dementgegen stieg die Zahl der AU-Tage aufgrund psychischer Erkrankungen in den letzten Jahren um 30%.<\/p>\n<p>Ein betriebliches Gesundheitsmanagement als Instrument verfolgt viele unterschiedliche Ziele.<\/p>\n<p>Neben gesunden und motivierten Mitarbeitern und einem guten Betriebsklima, steigern Sie die Produktivit\u00e4t in Ihrem Unternehmen. Sie minimieren den Krankheitsstand und steigern Ihre Attraktivit\u00e4t am Bewerbermarkt.<\/p>\n<p><strong>Gerne beraten wir Sie und erstellen Ihnen ein f\u00fcr Ihr Unternehmen passendes Angebot.<\/strong><\/p>\n<p><strong>Tel.\/Fax: 0 84 56\/96 76 12<\/strong><\/p>\n<p><strong><a href=\"mailto:heidrun.meile@t-online.de\">heidrun.meile@t-online.de<\/a><\/strong>[\/vc_column_text][\/vc_column][\/vc_row][vc_row][vc_column][vc_separator css=&#8220;.vc_custom_1462896966650{padding-top: 25px !important;}&#8220;][\/vc_column][\/vc_row][vc_row css=&#8220;.vc_custom_1462963005215{padding-bottom: 35px !important;}&#8220;][vc_column][vc_single_image image=&#8220;24&#8243; img_size=&#8220;full&#8220; alignment=&#8220;center&#8220;][vc_custom_heading text=&#8220;Folgende M\u00f6glichkeiten stehen Ihnen f\u00fcr Ihr Unternehmen und Ihre Mitarbeiter zu Verf\u00fcgung&#8220; font_container=&#8220;tag:h2|font_size:32|text_align:left|color:%23be1621&#8243; use_theme_fonts=&#8220;yes&#8220;][\/vc_column][\/vc_row][vc_row][vc_column width=&#8220;1\/2&#8243;][vc_column_text css=&#8220;.vc_custom_1466780617041{margin-top: 0px !important;margin-right: 0px !important;margin-bottom: 0px !important;margin-left: 0px !important;border-top-width: 1px !important;border-right-width: 1px !important;border-bottom-width: 1px !important;border-left-width: 1px !important;padding-top: 15px !important;padding-right: 15px !important;padding-bottom: 26px !important;padding-left: 15px !important;border-left-color: #be1621 !important;border-left-style: solid !important;border-right-color: #be1621 !important;border-right-style: solid !important;border-top-color: #be1621 !important;border-top-style: solid !important;border-bottom-color: #be1621 !important;border-bottom-style: solid !important;border-radius: 10px !important;}&#8220;]<span style=\"color: #808080;\"><strong>Ihre Mitarbeiter<\/strong> nehmen an einem der vielf\u00e4ltigen Kursangeboten aus den Bereichen Bewegung und Entspannung teil.<\/span><\/p>\n<p><span style=\"color: #808080;\"><strong>Ihre Mitarbeiter<\/strong> erhalten exklusive Kurse in Ihrem Unternehmen.<\/span><\/p>\n<p><span style=\"color: #808080;\"><strong>Sie erhalten<\/strong> ein individuelles, speziell auf den Bedarf Ihres Unternehmens zugeschnittenes Angebot.<\/span><\/p>\n<p><span style=\"color: #808080;\"><strong>Sie buchen<\/strong> ein Seminar und w\u00e4hlen, ob es in Ihrem Unternehmen oder in den von mir angebotenen R\u00e4umlichkeiten statt finden soll.<\/span>[\/vc_column_text][\/vc_column][vc_column width=&#8220;1\/2&#8243;][vc_column_text css=&#8220;.vc_custom_1466780510320{margin-top: 0px !important;margin-right: 0px !important;margin-bottom: 0px !important;margin-left: 0px !important;border-top-width: 1px !important;border-right-width: 1px !important;border-bottom-width: 1px !important;border-left-width: 1px !important;padding-top: 15px !important;padding-right: 15px !important;padding-bottom: 15px !important;padding-left: 15px !important;border-left-color: #be1621 !important;border-left-style: solid !important;border-right-color: #be1621 !important;border-right-style: solid !important;border-top-color: #be1621 !important;border-top-style: solid !important;border-bottom-color: #be1621 !important;border-bottom-style: solid !important;border-radius: 10px !important;}&#8220;]<\/p>\n<h4><span style=\"color: #be1621;\"><b>Gesundheitsaktionen<\/b><\/span><\/h4>\n<p><span style=\"color: #808080;\"><strong>\u201eAktion Gesundes B\u00fcro\u201c<br \/>\n<\/strong>(R\u00fcckengerechtes Sitzen, Sitzdynamik, \u00dcbungen f\u00fcr den Schulter-und Nackenbereich, Entspannungs\u00fcbungen f\u00fcr die Augen)<\/span><\/p>\n<p><span style=\"color: #808080;\"><strong>Vitalparcour (Bewegungsstationen)<\/strong><\/span><\/p>\n<p><span style=\"color: #808080;\"><strong>Enstpannt und in Balance<br \/>\n<\/strong>(Einf\u00fchrung in verschiedene Entspannungstechniken)<\/span>[\/vc_column_text][\/vc_column][\/vc_row][vc_row css=&#8220;.vc_custom_1462963005215{padding-bottom: 35px !important;}&#8220;][vc_column css=&#8220;.vc_custom_1463037646525{padding-top: 35px !important;}&#8220;][vc_column_text css=&#8220;.vc_custom_1463052587465{border-top-width: 1px !important;border-right-width: 1px !important;border-bottom-width: 1px !important;border-left-width: 1px !important;padding-top: 10px !important;padding-right: 10px !important;padding-bottom: 10px !important;padding-left: 10px !important;background-color: #be1621 !important;border-left-style: solid !important;border-right-style: solid !important;border-top-style: solid !important;border-bottom-style: solid !important;border-radius: 5px !important;}&#8220;]<\/p>\n<h3><span style=\"color: #ffffff;\"><b>F\u00f6rderung von Pr\u00e4ventionskursen:<\/b><\/span><\/h3>\n<p><span style=\"color: #ffffff;\">Die Pr\u00e4ventionskurse von PRO GESUNDHEIT entsprechen den hohen Anforderungen der gesetzlichen Krankenkassen und sind nach \u00a7 20 Sozialgesetzbuch V zertifiziert, so dass eine Bezuschussung durch die Krankenkassen in H\u00f6he von 50% &#8211; 90% der Kursgeb\u00fchren m\u00f6glich ist.<\/span><\/p>\n<p><span style=\"color: #ffffff;\">Sie entscheiden, ob Sie die Teilnahme Ihrer Mitarbeiter an den Pr\u00e4ventionsma\u00dfnahmen zus\u00e4tzlich unterst\u00fctzen.<\/span><\/p>\n<p>[\/vc_column_text][\/vc_column][\/vc_row][vc_row css=&#8220;.vc_custom_1462963005215{padding-bottom: 35px !important;}&#8220;][vc_column css=&#8220;.vc_custom_1463037646525{padding-top: 35px !important;}&#8220;][vc_custom_heading text=&#8220;Angebote zur betrieblichen Gesundheitsf\u00f6rderung:&#8220; font_container=&#8220;tag:h2|font_size:32|text_align:left|color:%23be1621&#8243; use_theme_fonts=&#8220;yes&#8220;][\/vc_column][\/vc_row][vc_row][vc_column width=&#8220;1\/2&#8243;][vc_column_text css=&#8220;.vc_custom_1465460956893{margin-top: 0px !important;margin-right: 0px !important;margin-bottom: 0px !important;margin-left: 0px !important;border-top-width: 1px !important;border-right-width: 1px !important;border-bottom-width: 1px !important;border-left-width: 1px !important;padding-top: 15px !important;padding-right: 15px !important;padding-bottom: 62px !important;padding-left: 15px !important;border-left-color: #be1621 !important;border-left-style: solid !important;border-right-color: #be1621 !important;border-right-style: solid !important;border-top-color: #be1621 !important;border-top-style: solid !important;border-bottom-color: #be1621 !important;border-bottom-style: solid !important;border-radius: 10px !important;}&#8220;]<\/p>\n<h4><b>Fit und Aktiv<\/b><\/h4>\n<ul>\n<li>\n<h4>R\u00fcckenschule<\/h4>\n<\/li>\n<li>\n<h4>Wirbels\u00e4ulengymnastik<\/h4>\n<\/li>\n<li>\n<h4>Fit im B\u00fcro<\/h4>\n<\/li>\n<li>\n<h4>Nordic Walking<\/h4>\n<\/li>\n<li>\n<h4>Faszientraining<\/h4>\n<\/li>\n<\/ul>\n<p>[\/vc_column_text][\/vc_column][vc_column width=&#8220;1\/2&#8243;][vc_column_text css=&#8220;.vc_custom_1465460985650{margin-top: 0px !important;margin-right: 0px !important;margin-bottom: 0px !important;margin-left: 0px !important;border-top-width: 1px !important;border-right-width: 1px !important;border-bottom-width: 1px !important;border-left-width: 1px !important;padding-top: 15px !important;padding-right: 15px !important;padding-bottom: 15px !important;padding-left: 15px !important;border-left-color: #be1621 !important;border-left-style: solid !important;border-right-color: #be1621 !important;border-right-style: solid !important;border-top-color: #be1621 !important;border-top-style: solid !important;border-bottom-color: #be1621 !important;border-bottom-style: solid !important;border-radius: 10px !important;}&#8220;]<\/p>\n<h4><b>Entspannt und in Balance<\/b><\/h4>\n<ul>\n<li>\n<h4>Muskelentspannung nach Jacobson<\/h4>\n<\/li>\n<li>\n<h4>Autogenes Training<\/h4>\n<\/li>\n<li>\n<h4>Achtsamkeitstraining und Meditation<\/h4>\n<\/li>\n<li>\n<h4>Stressmanagementseminar<\/h4>\n<\/li>\n<li>\n<h4>Chi-Balance-Workout<\/h4>\n<\/li>\n<li>\n<h4>Yoga<\/h4>\n<\/li>\n<\/ul>\n<p>[\/vc_column_text][\/vc_column][\/vc_row][vc_row full_width=&#8220;stretch_row&#8220; css=&#8220;.vc_custom_1463052725913{margin-top: 45px !important;padding-top: 45px !important;background-color: #be1621 !important;}&#8220;][vc_column][vc_column_text]<\/p>\n<h4 style=\"text-align: center;\"><strong><span style=\"color: #ffffff;\">Wussten Sie schon, dass Leistungen des Arbeitgebers zur Verbesserung des allgemeinen Gesundheitszustandes und der betrieblichen Gesundheitsf\u00f6rderung laut Einkommensteuergesetz \u00a7 3, Nr. 34 bis zu 500,00 \u20ac pro Mitarbeiter und Jahr steuerbeg\u00fcnstigt sind?<\/span><\/strong><\/h4>\n<p>[\/vc_column_text][vc_cta h2=&#8220;&#8220; h4=&#8220;F\u00fcr Jeden das richtige!&#8220; txt_align=&#8220;center&#8220; color=&#8220;orange&#8220; add_button=&#8220;bottom&#8220; btn_title=&#8220;Hier geht es zu den Kursen&#8220; btn_color=&#8220;warning&#8220; btn_size=&#8220;lg&#8220; btn_align=&#8220;center&#8220; add_icon=&#8220;top&#8220; i_icon_fontawesome=&#8220;fa fa-arrow-circle-down&#8220; i_color=&#8220;orange&#8220; i_on_border=&#8220;true&#8220; btn_button_block=&#8220;true&#8220; btn_link=&#8220;url:http%3A%2F%2Fwww.heidrun-meile.de%2Findex.php%2Falle-kurse%2F|title:Kurse%20Gesundheit%20Ingolstadt%20Heidrun%20Meile|&#8220;]<b>Pr\u00e4ventionsma\u00dfnahmen<\/b> \u00b7 <b>Fitnesskurse \u00b7 Entspannung und Innere Balance \u00b7 Infrarot-W\u00e4rmeanwendungen \u00b7 Leistungsf\u00e4higkeit, Wohlbefinden, Balance und Gesundheit im Beruf<br \/>\n<\/b>[\/vc_cta][\/vc_column][\/vc_row][vc_row][vc_column][\/vc_column][\/vc_row]<\/p>\n<\/div>","protected":false},"excerpt":{"rendered":"<p>[vc_row full_width=&#8220;stretch_row_content_no_spaces&#8220;][vc_column][vc_single_image image=&#8220;167&#8243; img_size=&#8220;full&#8220; alignment=&#8220;center&#8220;][\/vc_column][\/vc_row][vc_row][vc_column][vc_custom_heading text=&#8220;Betriebliche Gesundheitsf\u00f6rderung&#8220; font_container=&#8220;tag:h1|font_size:32|text_align:center|color:%23be1621&#8243; use_theme_fonts=&#8220;yes&#8220;][vc_separator css=&#8220;.vc_custom_1462896966650{padding-top: 25px !important;}&#8220;][\/vc_column][\/vc_row][vc_row][vc_column width=&#8220;1\/4&#8243;][vc_single_image image=&#8220;169&#8243; img_size=&#8220;full&#8220; alignment=&#8220;center&#8220; css=&#8220;.vc_custom_1465571557235{padding-bottom: -20px !important;}&#8220;][\/vc_column][vc_column width=&#8220;3\/4&#8243;][vc_column_text] Leistungsf\u00e4higkeit, Wohlbefinden, Balance und Gesundheit im Beruf [\/vc_column_text][vc_column_text]Gesundheit und Erfolg Ihres Unternehmens geh\u00f6ren zusammen. Die Arbeitsbedingungen im beruflichen Alltag ver\u00e4ndern<\/p>\n","protected":false},"author":1,"featured_media":0,"parent":0,"menu_order":0,"comment_status":"closed","ping_status":"open","template":"","meta":{"footnotes":""},"class_list":["post-74","page","type-page","status-publish","hentry"],"_links":{"self":[{"href":"https:\/\/www.heidrun-meile.de\/index.php\/wp-json\/wp\/v2\/pages\/74","targetHints":{"allow":["GET"]}}],"collection":[{"href":"https:\/\/www.heidrun-meile.de\/index.php\/wp-json\/wp\/v2\/pages"}],"about":[{"href":"https:\/\/www.heidrun-meile.de\/index.php\/wp-json\/wp\/v2\/types\/page"}],"author":[{"embeddable":true,"href":"https:\/\/www.heidrun-meile.de\/index.php\/wp-json\/wp\/v2\/users\/1"}],"replies":[{"embeddable":true,"href":"https:\/\/www.heidrun-meile.de\/index.php\/wp-json\/wp\/v2\/comments?post=74"}],"version-history":[{"count":13,"href":"https:\/\/www.heidrun-meile.de\/index.php\/wp-json\/wp\/v2\/pages\/74\/revisions"}],"predecessor-version":[{"id":351,"href":"https:\/\/www.heidrun-meile.de\/index.php\/wp-json\/wp\/v2\/pages\/74\/revisions\/351"}],"wp:attachment":[{"href":"https:\/\/www.heidrun-meile.de\/index.php\/wp-json\/wp\/v2\/media?parent=74"}],"curies":[{"name":"wp","href":"https:\/\/api.w.org\/{rel}","templated":true}]}}

Betriebliche Gesundheitsförderung

<div class="wpb-content-wrapper"><p>[vc_row full_width=&#8220;stretch_row_content_no_spaces&#8220;][vc_column][vc_single_image image=&#8220;167&#8243; img_size=&#8220;full&#8220; alignment=&#8220;center&#8220;][/vc_column][/vc_row][vc_row][vc_column][vc_custom_heading text=&#8220;Betriebliche Gesundheitsförderung&#8220; font_container=&#8220;tag:h1|font_size:32|text_align:center|color:%23be1621&#8243; use_theme_fonts=&#8220;yes&#8220;][vc_separator css=&#8220;.vc_custom_1462896966650{padding-top: 25px !important;}&#8220;][/vc_column][/vc_row][vc_row][vc_column width=&#8220;1/4&#8243;][vc_single_image image=&#8220;169&#8243; img_size=&#8220;full&#8220; alignment=&#8220;center&#8220; css=&#8220;.vc_custom_1465571557235{padding-bottom: -20px !important;}&#8220;][/vc_column][vc_column width=&#8220;3/4&#8243;][vc_column_text]</p>
<h2>Leistungsfähigkeit, Wohlbefinden, Balance und Gesundheit im Beruf</h2>
<p>[/vc_column_text][vc_column_text]Gesundheit und Erfolg Ihres Unternehmens gehören zusammen. Die Arbeitsbedingungen im beruflichen Alltag verändern sich ständig. Der Anspruch an die Arbeitnehmerinnen und Arbeitnehmer steigt. Sie als Unternehmer brauchen zufriedene und leistungsfähige Arbeitskräfte.</p>
<p>Dementgegen stieg die Zahl der AU-Tage aufgrund psychischer Erkrankungen in den letzten Jahren um 30%.</p>
<p>Ein betriebliches Gesundheitsmanagement als Instrument verfolgt viele unterschiedliche Ziele.</p>
<p>Neben gesunden und motivierten Mitarbeitern und einem guten Betriebsklima, steigern Sie die Produktivität in Ihrem Unternehmen. Sie minimieren den Krankheitsstand und steigern Ihre Attraktivität am Bewerbermarkt.</p>
<p><strong>Gerne beraten wir Sie und erstellen Ihnen ein für Ihr Unternehmen passendes Angebot.</strong></p>
<p><strong>Tel./Fax: 0 84 56/96 76 12</strong></p>
<p><strong><a href="mailto:heidrun.meile@t-online.de">heidrun.meile@t-online.de</a></strong>[/vc_column_text][/vc_column][/vc_row][vc_row][vc_column][vc_separator css=&#8220;.vc_custom_1462896966650{padding-top: 25px !important;}&#8220;][/vc_column][/vc_row][vc_row css=&#8220;.vc_custom_1462963005215{padding-bottom: 35px !important;}&#8220;][vc_column][vc_single_image image=&#8220;24&#8243; img_size=&#8220;full&#8220; alignment=&#8220;center&#8220;][vc_custom_heading text=&#8220;Folgende Möglichkeiten stehen Ihnen für Ihr Unternehmen und Ihre Mitarbeiter zu Verfügung&#8220; font_container=&#8220;tag:h2|font_size:32|text_align:left|color:%23be1621&#8243; use_theme_fonts=&#8220;yes&#8220;][/vc_column][/vc_row][vc_row][vc_column width=&#8220;1/2&#8243;][vc_column_text css=&#8220;.vc_custom_1466780617041{margin-top: 0px !important;margin-right: 0px !important;margin-bottom: 0px !important;margin-left: 0px !important;border-top-width: 1px !important;border-right-width: 1px !important;border-bottom-width: 1px !important;border-left-width: 1px !important;padding-top: 15px !important;padding-right: 15px !important;padding-bottom: 26px !important;padding-left: 15px !important;border-left-color: #be1621 !important;border-left-style: solid !important;border-right-color: #be1621 !important;border-right-style: solid !important;border-top-color: #be1621 !important;border-top-style: solid !important;border-bottom-color: #be1621 !important;border-bottom-style: solid !important;border-radius: 10px !important;}&#8220;]<span style="color: #808080;"><strong>Ihre Mitarbeiter</strong> nehmen an einem der vielfältigen Kursangeboten aus den Bereichen Bewegung und Entspannung teil.</span></p>
<p><span style="color: #808080;"><strong>Ihre Mitarbeiter</strong> erhalten exklusive Kurse in Ihrem Unternehmen.</span></p>
<p><span style="color: #808080;"><strong>Sie erhalten</strong> ein individuelles, speziell auf den Bedarf Ihres Unternehmens zugeschnittenes Angebot.</span></p>
<p><span style="color: #808080;"><strong>Sie buchen</strong> ein Seminar und wählen, ob es in Ihrem Unternehmen oder in den von mir angebotenen Räumlichkeiten statt finden soll.</span>[/vc_column_text][/vc_column][vc_column width=&#8220;1/2&#8243;][vc_column_text css=&#8220;.vc_custom_1466780510320{margin-top: 0px !important;margin-right: 0px !important;margin-bottom: 0px !important;margin-left: 0px !important;border-top-width: 1px !important;border-right-width: 1px !important;border-bottom-width: 1px !important;border-left-width: 1px !important;padding-top: 15px !important;padding-right: 15px !important;padding-bottom: 15px !important;padding-left: 15px !important;border-left-color: #be1621 !important;border-left-style: solid !important;border-right-color: #be1621 !important;border-right-style: solid !important;border-top-color: #be1621 !important;border-top-style: solid !important;border-bottom-color: #be1621 !important;border-bottom-style: solid !important;border-radius: 10px !important;}&#8220;]</p>
<h4><span style="color: #be1621;"><b>Gesundheitsaktionen</b></span></h4>
<p><span style="color: #808080;"><strong>„Aktion Gesundes Büro“<br />
</strong>(Rückengerechtes Sitzen, Sitzdynamik, Übungen für den Schulter-und Nackenbereich, Entspannungsübungen für die Augen)</span></p>
<p><span style="color: #808080;"><strong>Vitalparcour (Bewegungsstationen)</strong></span></p>
<p><span style="color: #808080;"><strong>Enstpannt und in Balance<br />
</strong>(Einführung in verschiedene Entspannungstechniken)</span>[/vc_column_text][/vc_column][/vc_row][vc_row css=&#8220;.vc_custom_1462963005215{padding-bottom: 35px !important;}&#8220;][vc_column css=&#8220;.vc_custom_1463037646525{padding-top: 35px !important;}&#8220;][vc_column_text css=&#8220;.vc_custom_1463052587465{border-top-width: 1px !important;border-right-width: 1px !important;border-bottom-width: 1px !important;border-left-width: 1px !important;padding-top: 10px !important;padding-right: 10px !important;padding-bottom: 10px !important;padding-left: 10px !important;background-color: #be1621 !important;border-left-style: solid !important;border-right-style: solid !important;border-top-style: solid !important;border-bottom-style: solid !important;border-radius: 5px !important;}&#8220;]</p>
<h3><span style="color: #ffffff;"><b>Förderung von Präventionskursen:</b></span></h3>
<p><span style="color: #ffffff;">Die Präventionskurse von PRO GESUNDHEIT entsprechen den hohen Anforderungen der gesetzlichen Krankenkassen und sind nach § 20 Sozialgesetzbuch V zertifiziert, so dass eine Bezuschussung durch die Krankenkassen in Höhe von 50% &#8211; 90% der Kursgebühren möglich ist.</span></p>
<p><span style="color: #ffffff;">Sie entscheiden, ob Sie die Teilnahme Ihrer Mitarbeiter an den Präventionsmaßnahmen zusätzlich unterstützen.</span></p>
<p>[/vc_column_text][/vc_column][/vc_row][vc_row css=&#8220;.vc_custom_1462963005215{padding-bottom: 35px !important;}&#8220;][vc_column css=&#8220;.vc_custom_1463037646525{padding-top: 35px !important;}&#8220;][vc_custom_heading text=&#8220;Angebote zur betrieblichen Gesundheitsförderung:&#8220; font_container=&#8220;tag:h2|font_size:32|text_align:left|color:%23be1621&#8243; use_theme_fonts=&#8220;yes&#8220;][/vc_column][/vc_row][vc_row][vc_column width=&#8220;1/2&#8243;][vc_column_text css=&#8220;.vc_custom_1465460956893{margin-top: 0px !important;margin-right: 0px !important;margin-bottom: 0px !important;margin-left: 0px !important;border-top-width: 1px !important;border-right-width: 1px !important;border-bottom-width: 1px !important;border-left-width: 1px !important;padding-top: 15px !important;padding-right: 15px !important;padding-bottom: 62px !important;padding-left: 15px !important;border-left-color: #be1621 !important;border-left-style: solid !important;border-right-color: #be1621 !important;border-right-style: solid !important;border-top-color: #be1621 !important;border-top-style: solid !important;border-bottom-color: #be1621 !important;border-bottom-style: solid !important;border-radius: 10px !important;}&#8220;]</p>
<h4><b>Fit und Aktiv</b></h4>
<ul>
<li>
<h4>Rückenschule</h4>
</li>
<li>
<h4>Wirbelsäulengymnastik</h4>
</li>
<li>
<h4>Fit im Büro</h4>
</li>
<li>
<h4>Nordic Walking</h4>
</li>
<li>
<h4>Faszientraining</h4>
</li>
</ul>
<p>[/vc_column_text][/vc_column][vc_column width=&#8220;1/2&#8243;][vc_column_text css=&#8220;.vc_custom_1465460985650{margin-top: 0px !important;margin-right: 0px !important;margin-bottom: 0px !important;margin-left: 0px !important;border-top-width: 1px !important;border-right-width: 1px !important;border-bottom-width: 1px !important;border-left-width: 1px !important;padding-top: 15px !important;padding-right: 15px !important;padding-bottom: 15px !important;padding-left: 15px !important;border-left-color: #be1621 !important;border-left-style: solid !important;border-right-color: #be1621 !important;border-right-style: solid !important;border-top-color: #be1621 !important;border-top-style: solid !important;border-bottom-color: #be1621 !important;border-bottom-style: solid !important;border-radius: 10px !important;}&#8220;]</p>
<h4><b>Entspannt und in Balance</b></h4>
<ul>
<li>
<h4>Muskelentspannung nach Jacobson</h4>
</li>
<li>
<h4>Autogenes Training</h4>
</li>
<li>
<h4>Achtsamkeitstraining und Meditation</h4>
</li>
<li>
<h4>Stressmanagementseminar</h4>
</li>
<li>
<h4>Chi-Balance-Workout</h4>
</li>
<li>
<h4>Yoga</h4>
</li>
</ul>
<p>[/vc_column_text][/vc_column][/vc_row][vc_row full_width=&#8220;stretch_row&#8220; css=&#8220;.vc_custom_1463052725913{margin-top: 45px !important;padding-top: 45px !important;background-color: #be1621 !important;}&#8220;][vc_column][vc_column_text]</p>
<h4 style="text-align: center;"><strong><span style="color: #ffffff;">Wussten Sie schon, dass Leistungen des Arbeitgebers zur Verbesserung des allgemeinen Gesundheitszustandes und der betrieblichen Gesundheitsförderung laut Einkommensteuergesetz § 3, Nr. 34 bis zu 500,00 € pro Mitarbeiter und Jahr steuerbegünstigt sind?</span></strong></h4>
<p>[/vc_column_text][vc_cta h2=&#8220;&#8220; h4=&#8220;Für Jeden das richtige!&#8220; txt_align=&#8220;center&#8220; color=&#8220;orange&#8220; add_button=&#8220;bottom&#8220; btn_title=&#8220;Hier geht es zu den Kursen&#8220; btn_color=&#8220;warning&#8220; btn_size=&#8220;lg&#8220; btn_align=&#8220;center&#8220; add_icon=&#8220;top&#8220; i_icon_fontawesome=&#8220;fa fa-arrow-circle-down&#8220; i_color=&#8220;orange&#8220; i_on_border=&#8220;true&#8220; btn_button_block=&#8220;true&#8220; btn_link=&#8220;url:http%3A%2F%2Fwww.heidrun-meile.de%2Findex.php%2Falle-kurse%2F|title:Kurse%20Gesundheit%20Ingolstadt%20Heidrun%20Meile|&#8220;]<b>Präventionsmaßnahmen</b> · <b>Fitnesskurse · Entspannung und Innere Balance · Infrarot-Wärmeanwendungen · Leistungsfähigkeit, Wohlbefinden, Balance und Gesundheit im Beruf<br />
</b>[/vc_cta][/vc_column][/vc_row][vc_row][vc_column][/vc_column][/vc_row]</p>
</div>

<p>[vc_row full_width=&#8220;stretch_row_content_no_spaces&#8220;][vc_column][vc_single_image image=&#8220;167&#8243; img_size=&#8220;full&#8220; alignment=&#8220;center&#8220;][/vc_column][/vc_row][vc_row][vc_column][vc_custom_heading text=&#8220;Betriebliche Gesundheitsförderung&#8220; font_container=&#8220;tag:h1|font_size:32|text_align:center|color:%23be1621&#8243; use_theme_fonts=&#8220;yes&#8220;][vc_separator css=&#8220;.vc_custom_1462896966650{padding-top: 25px !important;}&#8220;][/vc_column][/vc_row][vc_row][vc_column width=&#8220;1/4&#8243;][vc_single_image image=&#8220;169&#8243; img_size=&#8220;full&#8220; alignment=&#8220;center&#8220; css=&#8220;.vc_custom_1465571557235{padding-bottom: -20px !important;}&#8220;][/vc_column][vc_column width=&#8220;3/4&#8243;][vc_column_text] Leistungsfähigkeit, Wohlbefinden, Balance und Gesundheit im Beruf [/vc_column_text][vc_column_text]Gesundheit und Erfolg Ihres Unternehmens gehören zusammen. Die Arbeitsbedingungen im beruflichen Alltag verändern</p>
